{"id":15,"date":"2016-06-24T09:23:38","date_gmt":"2016-06-24T09:23:38","guid":{"rendered":"http:\/\/preview.physiotherapie-finesse.de\/?page_id=15"},"modified":"2020-09-21T14:59:30","modified_gmt":"2020-09-21T14:59:30","slug":"wellness-und-entspannung","status":"publish","type":"page","link":"https:\/\/physiotherapie-finesse.de\/?page_id=15","title":{"rendered":"Wellness und Entspannung"},"content":{"rendered":"<p>[vc_row][vc_column][vc_column_text]Wir laden Sie ein, sich in unserem Wellnessbereich von den Strapazen des Alltags zu erholen und zu regenerieren. Genie\u00dfen Sie unser Wellness- und Entspannungsangebot in atmosph\u00e4rischer Idylle und sp\u00fcren Sie die Leichtigkeit jenseits des hektischen Treibens. G\u00f6nnen Sie sich eine Auszeit bei einer Aroma\u00f6l- Honig- oder Thai Massage. Nehmen Sie sich Zeit f\u00fcr sich selbst und entspannen Sie bei einer individuell f\u00fcr Sie gestalteten Reise.[\/vc_column_text][\/vc_column][\/vc_row]<\/p>\n\n\n<p>[vc_row][vc_column][vc_tta_accordion c_icon=&#8220;chevron&#8220; active_section=&#8220;1&#8243; title=&#8220;Wellnessangebote&#8220;][vc_tta_section title=&#8220;Klassische Massage&#8220; tab_id=&#8220;1469014899099-520eaac9-22a3&#8243;][vc_column_text]Bei der Klassischen Massage werden gezielt und effektiv verspannte Muskulatur durch tiefgehende Griffe wie Knetungen, Reibungen und Friktionen beseitigt.<\/p>\n<p>G\u00f6nnen Sie sich anschlie\u00dfend die heilende Wirkung einer Fangopackung mit einer zus\u00e4tzlichen Ruhezeit von 20 Minuten.<\/p>\n<hr \/>\n<ul>\n<li>Dauer: 25 Minuten<\/li>\n<li>Preis:\u00a025 Euro<\/li>\n<\/ul>\n<hr \/>\n<ul>\n<li>Fangopackung:\u00a011 Euro<\/li>\n<\/ul>\n<hr \/>\n<p>[\/vc_column_text][\/vc_tta_section][vc_tta_section title=&#8220;Honigmassage&#8220; tab_id=&#8220;1469015575452-b92d10a0-5434&#8243;][vc_column_text]Hierbei wird der Honig wohl dosiert auf die Haut aufgetragen und mit diesem massiert. Durch das Verkleben auf der Haut wird eine intensive Durchblutung erzielt. Die Klebeeigenschaft des Massagehonigs erm\u00f6glicht eine bessere Verschieblichkeit des Gewebes. Verklebungen werden entfernt, der Stoffwechsel des Gewebes angeregt. Am Ende der Massage wird der Honig durch ein Reinigungsfluid entfernt und Sie k\u00f6nnen in einer speziellen Honigpackung nachruhen. Somit haben Sie gen\u00fcgend Zeit, die besonderen Inhaltsstoffe wirken zu lassen.<\/p>\n<hr \/>\n<ul>\n<li>Dauer: 30 Minuten<\/li>\n<li>Preis: 35 Euro<\/li>\n<\/ul>\n<hr \/>\n<ul>\n<li>Gesamtdauer inklusiver Bienenwachspackung: 50 Minuten bie 45 Euro<\/li>\n<\/ul>\n<p>[\/vc_column_text][\/vc_tta_section][vc_tta_section title=&#8220;Aroma\u00f6lganzk\u00f6rpermassage&#8220; tab_id=&#8220;1469166501612-b63ececd-57c4&#8243;][vc_column_text]Tauchen Sie ein in eine alte Heilmethode kombiniert mit der Wirkung aromatischer Pflanzenessenzen in Form von \u00e4therischen \u00d6len und entspannenden Massagegriffen.<\/p>\n<p>Ziel dieser Massage ist die tiefgehende Beruhigung und Entspannung. Dies erleben Sie bei uns in einer warmen, freundlichen Atmosph\u00e4re mit ged\u00e4mpftem Licht, sanfter Hintergrundmusik und bei einer individuell f\u00fcr Sie zusammengestellten Duftkombination.<\/p>\n<hr \/>\n<ul>\n<li>30 Minuten kosten 32\u20ac<\/li>\n<li>60 Minuten\u00a0kosten 60\u20ac inkl. Fu\u00dfbad<\/li>\n<\/ul>\n<p>[\/vc_column_text][\/vc_tta_section][vc_tta_section title=&#8220;Massagepaket&#8220; tab_id=&#8220;1469166642457-5963034d-0901&#8243;][vc_column_text]Ein Wohlbefinden der anderen Art.<\/p>\n<hr \/>\n<ul>\n<li>Dauer: 25 Minuten<\/li>\n<li>Preis: 25 Euro<\/li>\n<\/ul>\n<p>[\/vc_column_text][\/vc_tta_section][vc_tta_section title=&#8220;Gesichts- und Kopfmassage&#8220; tab_id=&#8220;1469166640088-22766245-3c4c&#8220;][vc_column_text]<\/p>\n<blockquote><p>Das Gesicht ist ein Abbild der Seele.<\/p><\/blockquote>\n<p><small>(Cicero)<\/small><\/p>\n<p>Lassen Sie die Sorgen und den Stress des Alltags unsichtbar werden.<br \/>\nMittels sanfter Lymph- und Massagegriffe wird der Lymphabfluss und der Abtransport von Stoffwechselendprodukten im Gewebe aktiviert. Somit kommt es zu einer abschwellenden Wirkung und Tiefenentspannung.<\/p>\n<hr \/>\n<ul>\n<li>Dauer: 30 Minuten<\/li>\n<li>Preis: 32 Euro<\/li>\n<\/ul>\n<hr \/>\n<p>[\/vc_column_text][\/vc_tta_section][vc_tta_section title=&#8220;Physio-Thai Massage&#8220; tab_id=&#8220;1469166639350-592efe4a-9f4b&#8220;][vc_column_text]Bei der Physio- Thaimassage wird durch Akkupressur und Dehnung (passives Yoga) Verspannungen gel\u00f6st, Energie freigesetzt und die Beweglichkeit verbessert.<\/p>\n<p>Dies f\u00f6rdert das allgemeine Wohlbefinden, die Vitalit\u00e4t und letztendlich die Lebensqualit\u00e4t.<\/p>\n<p>Traditionell wird die Thai Massage auf einer Matte am Boden praktiziert.<\/p>\n<hr \/>\n<ul>\n<li>Dauer: 75 Minuten<\/li>\n<li>Preis: 60 Euro<\/li>\n<\/ul>\n<hr \/>\n<ul>\n<li>Dauer: 90 Minuten<\/li>\n<li>Preis: 70 Euro<\/li>\n<\/ul>\n<hr \/>\n<ul>\n<li>Dauer: 120 Minuten<\/li>\n<li>Preis: 90 Euro<\/li>\n<\/ul>\n<hr \/>\n<p>[\/vc_column_text][\/vc_tta_section][vc_tta_section title=&#8220;Schulter &#8211; Nacken-Massage&#8220; tab_id=&#8220;1469166998589-32d37637-110b&#8220;][vc_column_text]Ein langer, schwerer Tag neigt sich dem Ende. Es gibt viele Gr\u00fcnde, doch eins ist sicher unser Schulterg\u00fcrtel und Kopf brauchen Entlastung. G\u00f6nnen Sie sich eine Atempause bei einer Schulterg\u00fcrtel-Nackenmassage.<\/p>\n<p>Hierbei liegt das Ziel darin, Myogelosen und Triggerpunkte zu l\u00f6sen und reflektorisch die betroffene Kopf-Kiefer- und Halsmuskulatur zu entspannen.<\/p>\n<hr \/>\n<ul>\n<li>Dauer: 30 Minuten<\/li>\n<li>Preis: 30 Euro<\/li>\n<\/ul>\n<p>[\/vc_column_text][\/vc_tta_section][vc_tta_section title=&#8220;After Work &#8211; Fu\u00df- und Beinmassage&#8220; tab_id=&#8220;1469166999883-b933c1eb-b57e&#8220;][vc_column_text]Lassen Sie den Alltag hinter sich und g\u00f6nnen Sie sich einen Ausflug in ein besonderes Entspannungsprogramm. Dieses startet mit einem Fu\u00dfbad. Danach genie\u00dfen Sie eine wohltuende Fu\u00df- Beinmassage mit anschlie\u00dfender Pflegepackung der F\u00fc\u00dfe bei Nachruhe.<\/p>\n<hr \/>\n<ul>\n<li>Dauer: 50 Minuten<\/li>\n<li>Preis: 44 Euro<\/li>\n<\/ul>\n<p>[\/vc_column_text][\/vc_tta_section][vc_tta_section title=&#8220;Feuerschr\u00f6pfen&#8220; tab_id=&#8220;1477043121303-cd1f8207-6c46&#8243;][vc_column_text]Dauer: ca. 20 min.<\/p>\n<p>Preis: 15 Euro[\/vc_column_text][\/vc_tta_section][vc_tta_section title=&#8220;Schmerzpunktmassage&#8220; tab_id=&#8220;1486536884313-1bfb5bfd-5b63&#8243;][vc_column_text]Myogelosebehandlung und Triggerpunktmassage<\/p>\n<p>Dauer: 30 min.<\/p>\n<p>Preis: 30 Euro[\/vc_column_text][\/vc_tta_section][vc_tta_section title=&#8220;Fango&#8220; tab_id=&#8220;1470031349999-0e64eb98-87bf&#8220;][vc_column_text]Die Fangopackung hat eine sehr schmerzlindernde und zugleich entz\u00fcndungshemmende Wirkung. Dies geschieht auf Grunde dessen, dass das Moor viele wichtige Mineralstoffe enth\u00e4lt, die unser System ben\u00f6tigt wie z. B.: die Humins\u00e4ure.<\/p>\n<p>In Verbindung mit W\u00e4rme erreicht diese Anwendung auch tiefer liegendes Gewebe.<\/p>\n<p>Vor allem empfiehlt sich eine Fangopackung bei Arthrose, Rheuma, allgemeinen Muskelverspannungen und Gelenkbeschwerden.<\/p>\n<hr \/>\n<ul>\n<li>Dauer: 20-25 Minuten<\/li>\n<li>Preis:\u00a011 Euro<\/li>\n<\/ul>\n<p>[\/vc_column_text][\/vc_tta_section][vc_tta_section title=&#8220;Bei Bedarf k\u00f6nnen zus\u00e4tzlich 10 Minuten f\u00fcr 8 Euro dazu gebucht werden.&#8220; tab_id=&#8220;1477245699867-bbd7159d-048c&#8220;][\/vc_tta_section][\/vc_tta_accordion][vc_column_text][\/vc_column_text][\/vc_column][\/vc_row]<\/p>\n","protected":false},"excerpt":{"rendered":"[vc_row][vc_column][vc_column_text]Wir laden Sie ein, sich in unserem Wellnessbereich von den Strapazen des Alltags zu erholen und zu regenerieren. Genie\u00dfen Sie unser Wellness- und Entspannungsangebot in atmosph\u00e4rischer Idylle und sp\u00fcren Sie die Leichtigkeit jenseits des hektischen Treibens. G\u00f6nnen Sie sich eine Auszeit bei einer Aroma\u00f6l- Honig- oder Thai Massage. Nehmen Sie sich Zeit f\u00fcr sich selbst [...]","protected":false},"author":1,"featured_media":229,"parent":0,"menu_order":0,"comment_status":"closed","ping_status":"closed","template":"","meta":{"footnotes":""},"yoast_head":"<!-- This site is optimized with the Yoast SEO plugin v22.9 - https:\/\/yoast.com\/wordpress\/plugins\/seo\/ -->\n<title>Wellness und Entspannung - Physiotherapie Finesse - TRAINING | WELLNESS | B. GESUNDHEITSF\u00d6RDERUNG<\/title>\n<meta name=\"robots\" content=\"index, follow, max-snippet:-1, max-image-preview:large, max-video-preview:-1\" \/>\n<link rel=\"canonical\" href=\"https:\/\/physiotherapie-finesse.de\/?page_id=15\" \/>\n<meta property=\"og:locale\" content=\"de_DE\" \/>\n<meta property=\"og:type\" content=\"article\" \/>\n<meta property=\"og:title\" content=\"Wellness und Entspannung - Physiotherapie Finesse - TRAINING | WELLNESS | B. GESUNDHEITSF\u00d6RDERUNG\" \/>\n<meta property=\"og:url\" content=\"https:\/\/physiotherapie-finesse.de\/?page_id=15\" \/>\n<meta property=\"og:site_name\" content=\"Physiotherapie Finesse - TRAINING | WELLNESS | B. GESUNDHEITSF\u00d6RDERUNG\" \/>\n<meta property=\"article:modified_time\" content=\"2020-09-21T14:59:30+00:00\" \/>\n<meta property=\"og:image\" content=\"https:\/\/physiotherapie-finesse.de\/wp-content\/uploads\/2016\/06\/wellness.jpg\" \/>\n\t<meta property=\"og:image:width\" content=\"1920\" \/>\n\t<meta property=\"og:image:height\" content=\"965\" \/>\n\t<meta property=\"og:image:type\" content=\"image\/jpeg\" \/>\n<meta name=\"twitter:card\" content=\"summary_large_image\" \/>\n<meta name=\"twitter:label1\" content=\"Gesch\u00e4tzte Lesezeit\" \/>\n\t<meta name=\"twitter:data1\" content=\"4 Minuten\" \/>\n<script type=\"application\/ld+json\" class=\"yoast-schema-graph\">{\"@context\":\"https:\/\/schema.org\",\"@graph\":[{\"@type\":\"WebPage\",\"@id\":\"https:\/\/physiotherapie-finesse.de\/?page_id=15\",\"url\":\"https:\/\/physiotherapie-finesse.de\/?page_id=15\",\"name\":\"Wellness und Entspannung - Physiotherapie Finesse - TRAINING | WELLNESS | B. GESUNDHEITSF\u00d6RDERUNG\",\"isPartOf\":{\"@id\":\"https:\/\/physiotherapie-finesse.de\/#website\"},\"primaryImageOfPage\":{\"@id\":\"https:\/\/physiotherapie-finesse.de\/?page_id=15#primaryimage\"},\"image\":{\"@id\":\"https:\/\/physiotherapie-finesse.de\/?page_id=15#primaryimage\"},\"thumbnailUrl\":\"https:\/\/physiotherapie-finesse.de\/wp-content\/uploads\/2016\/06\/wellness.jpg\",\"datePublished\":\"2016-06-24T09:23:38+00:00\",\"dateModified\":\"2020-09-21T14:59:30+00:00\",\"breadcrumb\":{\"@id\":\"https:\/\/physiotherapie-finesse.de\/?page_id=15#breadcrumb\"},\"inLanguage\":\"de-DE\",\"potentialAction\":[{\"@type\":\"ReadAction\",\"target\":[\"https:\/\/physiotherapie-finesse.de\/?page_id=15\"]}]},{\"@type\":\"ImageObject\",\"inLanguage\":\"de-DE\",\"@id\":\"https:\/\/physiotherapie-finesse.de\/?page_id=15#primaryimage\",\"url\":\"https:\/\/physiotherapie-finesse.de\/wp-content\/uploads\/2016\/06\/wellness.jpg\",\"contentUrl\":\"https:\/\/physiotherapie-finesse.de\/wp-content\/uploads\/2016\/06\/wellness.jpg\",\"width\":1920,\"height\":965},{\"@type\":\"BreadcrumbList\",\"@id\":\"https:\/\/physiotherapie-finesse.de\/?page_id=15#breadcrumb\",\"itemListElement\":[{\"@type\":\"ListItem\",\"position\":1,\"name\":\"Startseite\",\"item\":\"https:\/\/physiotherapie-finesse.de\/\"},{\"@type\":\"ListItem\",\"position\":2,\"name\":\"Wellness und Entspannung\"}]},{\"@type\":\"WebSite\",\"@id\":\"https:\/\/physiotherapie-finesse.de\/#website\",\"url\":\"https:\/\/physiotherapie-finesse.de\/\",\"name\":\"Physiotherapie Finesse - TRAINING | WELLNESS | B. GESUNDHEITSF\u00d6RDERUNG\",\"description\":\"\",\"potentialAction\":[{\"@type\":\"SearchAction\",\"target\":{\"@type\":\"EntryPoint\",\"urlTemplate\":\"https:\/\/physiotherapie-finesse.de\/?s={search_term_string}\"},\"query-input\":\"required name=search_term_string\"}],\"inLanguage\":\"de-DE\"}]}<\/script>\n<!-- \/ Yoast SEO plugin. -->","yoast_head_json":{"title":"Wellness und Entspannung - Physiotherapie Finesse - TRAINING | WELLNESS | B. GESUNDHEITSF\u00d6RDERUNG","robots":{"index":"index","follow":"follow","max-snippet":"max-snippet:-1","max-image-preview":"max-image-preview:large","max-video-preview":"max-video-preview:-1"},"canonical":"https:\/\/physiotherapie-finesse.de\/?page_id=15","og_locale":"de_DE","og_type":"article","og_title":"Wellness und Entspannung - Physiotherapie Finesse - TRAINING | WELLNESS | B. GESUNDHEITSF\u00d6RDERUNG","og_url":"https:\/\/physiotherapie-finesse.de\/?page_id=15","og_site_name":"Physiotherapie Finesse - TRAINING | WELLNESS | B. GESUNDHEITSF\u00d6RDERUNG","article_modified_time":"2020-09-21T14:59:30+00:00","og_image":[{"width":1920,"height":965,"url":"https:\/\/physiotherapie-finesse.de\/wp-content\/uploads\/2016\/06\/wellness.jpg","type":"image\/jpeg"}],"twitter_card":"summary_large_image","twitter_misc":{"Gesch\u00e4tzte Lesezeit":"4 Minuten"},"schema":{"@context":"https:\/\/schema.org","@graph":[{"@type":"WebPage","@id":"https:\/\/physiotherapie-finesse.de\/?page_id=15","url":"https:\/\/physiotherapie-finesse.de\/?page_id=15","name":"Wellness und Entspannung - Physiotherapie Finesse - TRAINING | WELLNESS | B. GESUNDHEITSF\u00d6RDERUNG","isPartOf":{"@id":"https:\/\/physiotherapie-finesse.de\/#website"},"primaryImageOfPage":{"@id":"https:\/\/physiotherapie-finesse.de\/?page_id=15#primaryimage"},"image":{"@id":"https:\/\/physiotherapie-finesse.de\/?page_id=15#primaryimage"},"thumbnailUrl":"https:\/\/physiotherapie-finesse.de\/wp-content\/uploads\/2016\/06\/wellness.jpg","datePublished":"2016-06-24T09:23:38+00:00","dateModified":"2020-09-21T14:59:30+00:00","breadcrumb":{"@id":"https:\/\/physiotherapie-finesse.de\/?page_id=15#breadcrumb"},"inLanguage":"de-DE","potentialAction":[{"@type":"ReadAction","target":["https:\/\/physiotherapie-finesse.de\/?page_id=15"]}]},{"@type":"ImageObject","inLanguage":"de-DE","@id":"https:\/\/physiotherapie-finesse.de\/?page_id=15#primaryimage","url":"https:\/\/physiotherapie-finesse.de\/wp-content\/uploads\/2016\/06\/wellness.jpg","contentUrl":"https:\/\/physiotherapie-finesse.de\/wp-content\/uploads\/2016\/06\/wellness.jpg","width":1920,"height":965},{"@type":"BreadcrumbList","@id":"https:\/\/physiotherapie-finesse.de\/?page_id=15#breadcrumb","itemListElement":[{"@type":"ListItem","position":1,"name":"Startseite","item":"https:\/\/physiotherapie-finesse.de\/"},{"@type":"ListItem","position":2,"name":"Wellness und Entspannung"}]},{"@type":"WebSite","@id":"https:\/\/physiotherapie-finesse.de\/#website","url":"https:\/\/physiotherapie-finesse.de\/","name":"Physiotherapie Finesse - TRAINING | WELLNESS | B. GESUNDHEITSF\u00d6RDERUNG","description":"","potentialAction":[{"@type":"SearchAction","target":{"@type":"EntryPoint","urlTemplate":"https:\/\/physiotherapie-finesse.de\/?s={search_term_string}"},"query-input":"required name=search_term_string"}],"inLanguage":"de-DE"}]}},"_links":{"self":[{"href":"https:\/\/physiotherapie-finesse.de\/index.php?rest_route=\/wp\/v2\/pages\/15"}],"collection":[{"href":"https:\/\/physiotherapie-finesse.de\/index.php?rest_route=\/wp\/v2\/pages"}],"about":[{"href":"https:\/\/physiotherapie-finesse.de\/index.php?rest_route=\/wp\/v2\/types\/page"}],"author":[{"embeddable":true,"href":"https:\/\/physiotherapie-finesse.de\/index.php?rest_route=\/wp\/v2\/users\/1"}],"replies":[{"embeddable":true,"href":"https:\/\/physiotherapie-finesse.de\/index.php?rest_route=%2Fwp%2Fv2%2Fcomments&post=15"}],"version-history":[{"count":35,"href":"https:\/\/physiotherapie-finesse.de\/index.php?rest_route=\/wp\/v2\/pages\/15\/revisions"}],"predecessor-version":[{"id":688,"href":"https:\/\/physiotherapie-finesse.de\/index.php?rest_route=\/wp\/v2\/pages\/15\/revisions\/688"}],"wp:featuredmedia":[{"embeddable":true,"href":"https:\/\/physiotherapie-finesse.de\/index.php?rest_route=\/wp\/v2\/media\/229"}],"wp:attachment":[{"href":"https:\/\/physiotherapie-finesse.de\/index.php?rest_route=%2Fwp%2Fv2%2Fmedia&parent=15"}],"curies":[{"name":"wp","href":"https:\/\/api.w.org\/{rel}","templated":true}]}}